rs of i.
2, 71
Suppose 6*c = 7*c - 178. Let f = c + -88. What are the prime factors of f?
2, 3, 5
Let s be (-518)/(-5) - (-26)/65. Let b = s - -9. What are the prime factors of b?
113
Suppose 5*j + 5*m = -319 + 44, -3*j = 2*m + 168. Let n = j + 124. What are the prime factors of n?
2, 3, 11
Let l(i) = 1872*i**2 + 20*i - 18. List the prime factors of l(1).
2, 937
Let h(q) = q**2 + q - 6. Let o(g) = g**2 + g - 6. Let v = 3 + -6. Let d(n) = v*h(n) + 4*o(n). List the prime factors of d(-7).
2, 3
Let t = -136 + 1379. What are the prime factors of t?
11, 113
Let f(i) = i**3 + 7*i**2 - 18*i. Let n be f(-9). What are the prime factors of 4/(-12) + (-121)/(-3) - n?
2, 5
Suppose -2*i = 4*p - 792, -p = 3*p + 16. List the prime factors of (8/(64/12))/(6/i).
101
Let g = 70 + 44. Let z = 29 + g. List the prime factors of z.
11, 13
Let o(c) = 3*c**2 + 91*c + 12. What are the prime factors of o(-34)?
2, 193
List the prime factors of 5 - 2 - (-11 - 4909).
3, 547
Let m(h) = -h - 4. Suppose -2*v + 18 = -4*v. Let i be m(v). Suppose 24 = i*j - 16. What are the prime factors of j?
2
Suppose 0 = 4*s + 2*t - 3789 + 399, t + 2545 = 3*s. List the prime factors of s.
2, 53
List the prime factors of ((-13)/2)/(-13)*4344*1.
2, 3, 181
Let z be 6*-2*(-4)/8. Suppose z*o = 37 - 7. Suppose -2*h = 8, -37 = -c + o*h - 0. List the prime factors of c.
17
Let d(n) = 9*n + 41. What are the prime factors of d(25)?
2, 7, 19
Suppose -9*g + 2703 + 2427 = 0. List the prime factors of g.
2, 3, 5, 19
Let i be (-4)/(-14) + (-429)/7. Let r(z) = -30*z - 4. Let f be r(-3). Let o = f + i. List the prime factors of o.
5
Let g(u) be the first derivative of u - 3 + 3/2*u**2. What are the prime factors of g(4)?
13
Let p(h) be the second derivative of h**5/20 - 3*h**4/4 + 2*h**3 - 10*h**2 + 4*h. What are the prime factors of p(9)?
2, 11
List the prime factors of (1 + 0/3)*(-9 + 453).
2, 3, 37
Suppose 3*w - 2*g - 3790 = -2*w, 4*g + 3780 = 5*w. What are the prime factors of w?
2, 5, 19
Suppose 344*j = 353*j - 23562. What are the prime factors of j?
2, 7, 11, 17
Suppose 2*o = -b + 21, 3*o + b = -2*o + 57. Suppose 0 = 3*w - o*w + 1062. List the prime factors of w.
2, 59
Let l(t) = 105*t**3 + 3*t**2 - 6*t + 3. List the prime factors of l(1).
3, 5, 7
Let o(a) = 221*a**2 - 9*a + 8. What are the prime factors of o(1)?
2, 5, 11
Suppose -t + 2*a - 970 = -3*t, -t = -3*a - 501. List the prime factors of t.
3, 163
Let o(n) = 9*n + 19. Let x be o(5). Let w = x + -123. What are the prime factors of w/(-5) - 2/(-10)?
2, 3
Suppose 2*l - 5821 = h, 5*l - l - 5*h - 11651 = 0. List the prime factors of l.
2909
Let s(o) = 142*o - 44. Let k(l) = -47*l + 15. Let q(u) = -14*k(u) - 5*s(u). List the prime factors of q(-2).
2, 3, 19
Let v(q) be the second derivative of q**5/5 - q**4/6 + q**3/3 + q**2/2 - 14*q. What are the prime factors of v(2)?
29
Suppose 0*y = 20*y - 34920. What are the prime factors of y?
2, 3, 97
Let v(y) be the first derivative of -y**3/3 + 6*y**2 + y - 5. What are the prime factors of v(10)?
3, 7
Let v(c) = -4*c - 24. Let r be v(-6). Suppose r = -19*l + 5*l + 3696. What are the prime factors of l?
2, 3, 11
Suppose -7*a = -5*a - 76. Let m = a + -22. List the prime factors of m.
2
Suppose -5*v - 3*v + 40 = 0. Suppose -5*q = v*f - 895, -4*q + 525 - 161 = 2*f. What are the prime factors of f?
2, 11
Let y(a) = a**3 + 18*a**2 + 35*a - 7. List the prime factors of y(-12).
19, 23
What are the prime factors of 961 - -1*(-8 + 4 + 1)?
2, 479
Let n be (1*3)/(10/110). Suppose -31*g - 144 = -n*g. What are the prime factors of g?
2, 3
Suppose 3*v - i + 20 = 0, -v - 2*i = -0 + 2. Let u = 10 + v. Suppose u*t - t = 48. What are the prime factors of t?
2
Suppose -2*w + 51*n + 7114 = 46*n, 2*w + 5*n = 7134. List the prime factors of w.
2, 13, 137
Let t(i) be the first derivative of i**3/3 + 13*i**2/2 + 5*i + 8. List the prime factors of t(-15).
5, 7
What are the prime factors of 68860/198 - (-2)/9?
2, 3, 29
Let w = 33 + -29. Suppose -2*m = 2*d, -w*d = 3*m + 3 + 2. Suppose k + m*t - 45 = 2*t, -5*k - 4*t + 192 = 0. What are the prime factors of k?
2, 3
Suppose -4*t + 7 = -9. Suppose d + 4*d - s = -4, -3*d - t = s. List the prime factors of 0 + 41 + (d - -3).
43
Suppose -4*f + q = -2*q - 1196, 624 = 2*f + 5*q. Suppose -2*k + f = 4*r - 380, -k = -3*r - 316. List the prime factors of k.
331
Let k(b) = 183*b. List the prime factors of k(2).
2, 3, 61
Suppose 325 + 187 = 8*q. Suppose 5*l + q + 69 = 2*s, -s + l = -74. List the prime factors of s.
79
Suppose 4*s + 5*j + 4 - 10 = 0, -s - 2 = 3*j. What are the prime factors of (448/(-48))/(s/(-6))?
2, 7
Suppose -5*i = 4*y - 120 + 4, 3*y - 21 = -i. Let b = -19 + i. Suppose 3*k - 3*h - b = -2, -k = 4*h - 6. List the prime factors of k.
2
Let g = 11 - 4. Suppose -q + g = 3. Suppose -3*i - 76 = -3*t - 25, -3*t - q*i = -79. List the prime factors of t.
3, 7
Let z(d) = 2*d**3 - 4*d**2 - 1 + 0*d + 0*d + 3*d. Let p be z(2). Suppose p*m = 2*m + 99. List the prime factors of m.
3, 11
Suppose 0 = 3*l - 2 - 1978. What are the prime factors of l?
2, 3, 5, 11
Suppose g = -2*y + 361, -g = -4*y - 281 - 74. List the prime factors of g.
359
Suppose l + 0*d = -d + 1965, 0 = 5*l + d - 9829. What are the prime factors of l?
2, 983
Suppose -5*c - 5*f = -3*c - 7, -4*c + 4*f - 56 = 0. Let h = -3 - c. List the prime factors of h.
2, 3
Suppose -1132 = -6*d - 148. Suppose 34*t - d = 32*t. List the prime factors of t.
2, 41
Suppose 1 = 5*d + 4*b - 0, -2*d + 7 = -5*b. List the prime factors of ((-5 - -6) + 104)*(d + 0).
3, 5, 7
Let a(n) = -19*n**3 - 5*n**2 - 6*n - 2. List the prime factors of a(-2).
2, 71
What are the prime factors of ((-468)/(-2)*1)/((-132)/(-352))?
2, 3, 13
Let p(j) be the third derivative of -5*j**4/24 - 5*j**3/6 + j**2. What are the prime factors of p(-3)?
2, 5
Suppose -5*g + 2*y = -4901, 2*g + 2*y + 60 - 2012 = 0. What are the prime factors of g?
11, 89
Suppose 2*z + 6 = 0, 4*o - 5*o + 5*z + 216 = 0. Suppose -8*u + o = -151. What are the prime factors of u?
2, 11
Let j = 108 + -103. Suppose -3*a = -3*z - 5*a - 4, z - 2*a - 4 = 0. Let o = j + z. What are the prime factors of o?
5
Let j be ((-2)/(-2))/((-2)/(-60)). Suppose 0*g - j = 4*w - g, 3 = -w - 2*g. Let o(n) = -n**2 - 9*n - 3. List the prime factors of o(w).
11
Suppose 4*c + 44 = m - 4*m, -3*c - 7 = -m. What are the prime factors of m/2 - (7 - 82)?
71
Let o(r) = -r**3 - 5*r**2 - 4*r + 5. Suppose -44 = 5*q + u, 2*q - 4*u + u + 21 = 0. Let j = 5 + q. What are the prime factors of o(j)?
5
Let h = 447 + -103. What are the prime factors of h?
2, 43
Let z(f) = 4*f - 3*f - 6 - 4*f + 5*f. Let d be z(-5). Let b = d - -37. List the prime factors of b.
3, 7
Suppose 16 = 2*y + 2*p, -y + p = y - 1. What are the prime factors of y/(-1) + (-378)/(-6)?
2, 3, 5
Let p be 45/6*-3*(-6)/27. Suppose p*w + 4*d - 44 = 0, 5*w + 4 - 46 = -2*d. List the prime factors of w.
2
Suppose -121 = 4*o - 3*w, 2*w - 34 = -4*o + 5*o. Let k = o + 161. List the prime factors of k.
7, 19
Suppose 4*n + 3*p - 31 = 3*n, 0 = n - p - 11. What are the prime factors of ((-57)/4*-1)/(2/n)?
2, 3, 19
Suppose 4*d + 2*c + 290 = 0, 3*d = -c - 4*c - 221. What are the prime factors of d/684 + 4277/19?
3, 5
Let s(y) = 4*y + 24. Let i be s(7). Suppose -6 + 1 = -t. Suppose a + i = t*a. What are the prime factors of a?
13
Let g = -78 + 80. Suppose -3*b - 2*s + 252 = s, g*b - s = 177. What are the prime factors of b?
3, 29
Suppose -3*f = 20 + 4. Let q = f - -25. What are the prime factors of q?
17
Let z(j) = -11*j**2 + 9*j - 5. Let r(x) = -5*x**2 + 4*x - 2. Let k(l) = -9*r(l) + 4*z(l). List the prime factors of k(8).
2, 31
Let p(o) = 146*o**2 + 1. Let d(b) = b**3 + 3*b**2 - 5*b - 5. Let l be d(-4). What are the prime factors of p(l)?
3, 7
Let i(w) = 14*w**3 + w**2 + w + 2. Let d be i(-2). What are the prime factors of (1/(2/d))/((-2)/5)?
3, 5
Suppose 0 = -r + 5*a + 934, -15*a + 14*a = -2. List the prime factors of r.
2, 59
Let w(z) = 9*z - 4. Let q be w(1). Suppose 493 = q*x - 3*r, r + r = -2. What are the prime factors of x?
2, 7
Let r = 4 - 7. Let v be (-15 + 0 + r)/(-1). Let n = 35 - v. What are the prime factors of n?
17
Let p = -286 + 492. What are the prime factors of p?
2, 103
Let s = 4 - 13. Let j(a) = -23*a - 44. List the prime factors of j(s).
163
Let f(j) be the first derivative of 